ousands digit of z?
2
Let k(j) = 5*j**2 - 7*j - 27. Let u = 12 - 18. What is the tens digit of k(u)?
9
Suppose 4*g - 8300 = -2*z, 2*g - 1975 = z - 6109. What is the hundreds digit of z?
1
Let k(s) = 86*s**2 + 2*s + 8. Let b be k(-3). Suppose -6*x + b = -2*x. What is the units digit of (1/(-2) - 0)*(34 - x)?
0
Suppose 0*v - 2*v + 22 = -4*z, 5*v - 3*z - 34 = 0. Suppose 4*u = 3*g + 219, -v*g - 2*u - 270 = -g. Let q = g - -168. What is the units digit of q?
9
Suppose -32*i = -5*n - 30*i + 20618, -i + 8258 = 2*n. What is the hundreds digit of n?
1
What is the hundreds digit of 44114/8 + 55/(-44)?
5
Suppose 20 = 2*d - 4*v, -11 = -d + 4*v - 3. Suppose 0*c + 2*c = d. Suppose -4*t + c*t - 190 = 0. What is the tens digit of t?
9
Suppose -3*o - 12299 = -m, 130*m + 4*o + 12293 = 131*m. What is the tens digit of m?
1
Suppose 27*a - 13*a = 56. Suppose 4*u - 1640 = -a*s, 2*u + 4*s - 2049 = -3*u. What is the units digit of u?
9
Let v = 21 + -47. Let w = -23 - v. Suppose w*a = -2*b + 121, -5*a = -0*b + 2*b - 131. What is the tens digit of b?
5
Suppose 14*h + 3622 = -2132. Let d = h - -688. What is the hundreds digit of d?
2
Let t = 9393 + -4737. What is the tens digit of (t/(-4))/(1 + (-3)/1)?
8
Let s = -21 - -48. Let p = -13 + s. Let q = 29 - p. What is the units digit of q?
5
Let k(t) = -27*t - 56. Let r(h) = 26*h + 55. Let n(b) = -2*k(b) - 3*r(b). What is the tens digit of n(-12)?
3
Suppose 45*w - 4200 = 30*w. Let m(v) = -17*v**3 - 3*v + 2. Let i be m(2). Let c = w + i. What is the units digit of c?
0
Let x(f) = 36*f**3 - 16*f**2 + 4*f - 11. What is the ten thousands digit of x(10)?
3
Let v(i) be the third derivative of i**5/30 - 23*i**4/12 + i**3/6 + 5*i**2. Let g be v(24). Suppose -5*b + g = -166. What is the units digit of b?
3
Let q(t) = t - 1. Let p(k) = 10*k + 8. Let i(h) = p(h) - 6*q(h). Let u be i(-4). What is the units digit of -28*u*(-19)/(-8)?
3
Let v = 22 - 17. Suppose v*j + 4 - 29 = 0, 2*o = 5*j - 23. What is the tens digit of (94 + 10 - (-1 - -4))*o?
0
Let k(b) = 4*b + 46. Let v be k(-11). Suppose -7120 = -5*j + a + 2*a, v*j + 3*a = 2848. What is the tens digit of j?
2
Let a(v) = 6*v - 45. Let j = -58 - -61. Suppose -j*f = -4*f + 13. What is the units digit of a(f)?
3
Suppose -136*g + 229324 = -312908. What is the units digit of g?
7
Suppose -5*z + 39813 = 4*k, -4*k = -5*z + 36029 + 3808. What is the hundreds digit of z?
9
Suppose -22*s - 29022 = -26*s - 2*p, -s + 7257 = 2*p. What is the thousands digit of s?
7
Suppose -f + 35 = 4*y + 2, 0 = 5*y + 4*f - 44. Suppose -13*p = y*p - 987. What is the units digit of p?
7
Let z(w) = 7*w**3 - 3*w + 3*w**2 + 2 - 9*w**3 + 13*w**3. Let y(k) = -3*k**3 + 108*k**2 + k - 34. Let j be y(36). What is the units digit of z(j)?
6
Suppose -4*c + 5*d = -57, 41 = 2*c + 7*d - 12*d. Suppose 0 = c*u - 680 - 2456. What is the units digit of u?
2
Let q(y) be the first derivative of -3*y**2 - 6*y - 55. Suppose 0 = 5*k - m + 53, -11 = -4*k - 3*m - 42. What is the units digit of q(k)?
4
What is the units digit of (((-153)/(-54))/(13/17186))/(1/3)?
7
Let t = 4 - -1. Let c(w) = -12*w + 217. Let o be c(4). Suppose -t*f + 326 = -o. What is the units digit of f?
9
Let w = -108 + 113. Suppose -w*c - 5*i + 29 = -3*c, 4 = c - i. What is the units digit of 139/c + (-3)/(-63)*3?
0
Let i(b) = b**2 + 4*b + 5. Suppose 3*v = -t - 0 + 1, 4*t = v - 22. Let r be i(t). Let w(c) = 9*c + 23. What is the hundreds digit of w(r)?
1
Suppose 3*i + 4*g - 11384 = 0, -7*g + 5*g - 2 = 0. Suppose -2*x + i = 5*p, -3*p - 3*x = -6*x - 2286. What is the units digit of p?
0
Let v be (0/6)/6 - -2. Let q(p) = 172*p + 24. What is the hundreds digit of q(v)?
3
Suppose 0 = 10*u - 14556 - 110324. What is the thousands digit of u?
2
Let t(j) = 29*j**2 + 1722*j + 294. What is the ten thousands digit of t(-78)?
4
Let u(w) = w**2 - 4*w - 6. Let i be u(6). Let o be (4/i)/(1/(-273)). Let t = -54 - o. What is the tens digit of t?
2
Suppose -2*o - 20262 = -23914. What is the tens digit of o?
2
Let x = 189 + -175. What is the tens digit of 22/(-77) + 1250/x?
8
Let i = 82 - 80. Suppose -2*d = 4*p - 9*p + 60, 53 = i*p + 5*d. Suppose -p*a = -a - 754. What is the units digit of a?
8
Suppose -6*z + 104213 = 4*d - 70961, -2*d = -z + 29201. What is the ten thousands digit of z?
2
Suppose -5*g - 2*x + 9602 = -181, 2*g + 4*x - 3910 = 0. Let f = g - 1302. What is the units digit of f?
5
Let d(q) = 19*q - 23. Let s(x) = -9*x + 12. Let r(w) = -2*d(w) - 5*s(w). Suppose -5*y = -11*y + 84. What is the tens digit of r(y)?
8
Let n(u) = u**3 - 6*u**2 + 5*u - 22. Let l be n(6). Suppose l*r = 10*r - 780. Suppose -6*w = -r + 18. What is the tens digit of w?
6
Let a(d) = 4*d - 43*d**2 + d**3 + 4*d - 214 + d + 125. What is the tens digit of a(43)?
9
Let p(l) = 5*l**3 + 9*l**2 + 7*l + 20. Let j be p(8). Suppose 6*q = 118 + j. What is the units digit of q?
5
Suppose 3*s + 5*y - 5998 = 0, 3*y = -5*s - 1474 + 11460. Suppose -2322*f = -2318*f - s. What is the hundreds digit of f?
4
Suppose -o - 63 + 15 = -5*a, 30 = 2*a - 4*o. Suppose 0 = -4*f + 20 + 40. What is the tens digit of (f/a)/((-4)/(-156))?
6
Let p = -7725 + 18408. What is the hundreds digit of p?
6
Suppose 35*w - 31*w = 280. Suppose -4*u + 2*x + w = -3*x, -6 = 3*x. Let t(a) = -a + 49. What is the tens digit of t(u)?
3
Let c be (-5)/(-3)*(14 - 8) - -1. Suppose 2*x - v + c = 148, 280 = 4*x - 4*v. What is the units digit of x?
7
Let r be 2/(-23) + 324330/874. Let n = 22 + r. What is the hundreds digit of n?
3
Suppose z = 3*k, k - 4*z = 4*k. Suppose -3*j + 1250 = 4*q, k*j + 618 = 2*q + 5*j. Let o = -220 + q. What is the units digit of o?
4
Let f = -729 + 1549. Suppose 2836 = 4*z + f. What is the units digit of z?
4
Let w(o) be the first derivative of o**3 - 6*o**2 + 22*o + 550. Suppose -4*i + 21 + 11 = -r, 2*i - 2 = -3*r. What is the units digit of w(i)?
5
Suppose 3*h = -3*g + 6*h + 1611, 0 = -4*g - 2*h + 2118. Let c = g + -296. What is the hundreds digit of c?
2
Let z = -3994 + 7858. What is the hundreds digit of z?
8
Let n = 429 + -693. Let i = n - -90. Let u = -61 - i. What is the tens digit of u?
1
Let z(t) = 5*t**2 - 26*t - 20. Let o(b) = -b**2 + 5*b + 4. Let c(j) = 11*o(j) + 2*z(j). Let l be c(3). Suppose 2*x + 36 = l*x. What is the units digit of x?
8
Suppose -688 - 746 = -6*r. Let z = 1174 - r. What is the units digit of -3 - (z/(-5) + -3)?
7
Suppose 3*b = -5*s - 2878, 4*s - 2796 = 4*b + 1084. Let x = b + 2009. What is the tens digit of x?
4
Let l = 63 - 60. Suppose 0*t + 1 = l*t - 5*z, t - 3*z = -1. Suppose -t*q + 26 + 16 = 0. What is the units digit of q?
1
Let d = 108 - -48. Suppose -b + 15 = -5*z, 4*b + 6*z - 39 = 5*z. What is the tens digit of d/b + 27/(-45)?
1
What is the hundreds digit of -3*67/(8 - (-114)/(-14))?
4
Suppose -2525*z = 4*v - 2528*z - 23109, -5*v = -4*z - 28887. What is the thousands digit of v?
5
Suppose 16 = -4*p, 159*p = y + 156*p - 1078. What is the hundreds digit of y?
0
Let x = 56 + -57. Let n(b) = 17 - 35 - b + b**2 + 17 - 42*b**3. What is the units digit of n(x)?
3
Let w = 151 + -151. Suppose -3*r + w = 24. What is the units digit of (-410)/r - -2*(-2)/16?
1
Suppose -2*x = g - 5777, 4*g - 7856 = -2*x - 2088. What is the thousands digit of x?
2
Let i(m) = m**3 + 22*m**2 + 46*m - 16. Let r be i(-20). Let z = r + 138. Suppose -3*y + z*q + 374 = 3*q, 254 = 2*y + 3*q. What is the tens digit of y?
2
Let d(w) = 132*w + 412. Let b(y) = -45*y - 137. Let l(i) = 17*b(i) + 6*d(i). What is the units digit of l(13)?
4
Suppose -3*z = -5*a - 931 + 20851, 3*a - 11952 = -4*z. Suppose -4*j + a = -2*v, 5*v + 39 = 19. What is the tens digit of j?
9
Suppose 43*a - 10083 = -37*a + 79*a. What is the units digit of a?
3
Let m(g) = 9*g**2 + 746*g - 61. What is the tens digit of m(-94)?
3
Let h be (-5)/(15/14)*252/(-24). Let v = 52 - h. Suppose 5*z = -3*j + 29 + 264, 0 = -j - v*z + 91. What is the units digit of j?
6
Let b = -17 + 26. Let j(i) = i + 13. Let t be j(b). What is the tens digit of (t/3)/(2/21)?
7
Let v = 164 + -134. Suppose 16*w - 18*w = -v. Suppose -11*c - 648 = -w*c. What is the units digit of c?
2
What is the tens digit of (-8544 + 2)*23/(-46)*1?
7
Let d be (4 + -1 - -29) + -4. Let x = 0 + 74. Suppose 26*o - d*o + x = 0. What is the tens digit of o?
3
Let l(k) = -k**3 + 11*k**2 - 11*k + 13. Let n be l(10). Suppose